28964 and 690932.
1804
Calculate the greatest common factor of 186420 and 58260.
60
Calculate the highest common divisor of 4211985 and 944547.
681
What is the greatest common factor of 11396 and 8452983?
2849
What is the greatest common divisor of 5527193 and 34?
17
What is the highest common factor of 423898 and 134?
2
Calculate the greatest common divisor of 52992 and 63618.
138
What is the highest common factor of 13293 and 114784?
211
Calculate the greatest common divisor of 126 and 12021674.
14
Calculate the greatest common divisor of 15723160 and 30.
10
What is the greatest common divisor of 167276 and 152437?
1349
Calculate the greatest common divisor of 699087 and 519924.
3513
What is the greatest common divisor of 40793088 and 1152?
384
What is the greatest common factor of 2936423 and 453789?
2401
Calculate the greatest common divisor of 726 and 68009106.
66
Calculate the highest common divisor of 3814370 and 2842.
406
What is the greatest common divisor of 8640 and 4094010?
270
Calculate the highest common divisor of 2 and 752502.
2
What is the greatest common divisor of 5 and 639797830?
5
Calculate the highest common divisor of 47492734 and 21258.
2362
Calculate the highest common factor of 705684 and 2331.
21
What is the greatest common divisor of 343679 and 1901239?
1693
What is the greatest common divisor of 493201110 and 340?
170
Calculate the highest common divisor of 151677356 and 808.
404
What is the greatest common factor of 68761840 and 70?
70
What is the highest common divisor of 197 and 75514237?
197
Calculate the greatest common divisor of 4787055 and 3528.
441
What is the greatest common factor of 622713 and 67067?
91
Calculate the highest common factor of 6810134 and 472.
118
Calculate the highest common factor of 1662 and 12906261.
831
What is the greatest common factor of 1478425 and 121225?
325
What is the highest common divisor of 166 and 13660555?
83
Calculate the greatest common factor of 517396 and 60500.
484
Calculate the highest common divisor of 3192960 and 32640.
1920
What is the greatest common divisor of 743065 and 421?
421
What is the highest common factor of 3575 and 7275275?
25
Calculate the greatest common factor of 5078342 and 2754.
34
What is the highest common factor of 13952 and 1655680?
128
What is the highest common factor of 89490 and 77206006?
5966
Calculate the greatest common divisor of 1088 and 697986.
34
Calculate the greatest common divisor of 64 and 25085132.
4
Calculate the greatest common divisor of 83860 and 590660.
140
Calculate the greatest common factor of 312 and 12419832.
24
What is the greatest common divisor of 1068034 and 102168?
946
Calculate the highest common factor of 12048 and 29462631.
753
What is the greatest common factor of 143619 and 1628907?
147
What is the greatest common divisor of 13404 and 46453796?
4468
Calculate the greatest common divisor of 690883249 and 1113.
371
What is the greatest common divisor of 10642422 and 5290?
1058
Calculate the highest common factor of 18276 and 668.
4
What is the highest common divisor of 267021 and 927?
9
What is the greatest common factor of 64893878 and 14?
14
Calculate the highest common divisor of 1378 and 2892994.
26
Calculate the highest common factor of 3076663 and 255282.
271
Calculate the greatest common factor of 68145 and 528688380.
9735
What is the highest common factor of 15591823 and 13?
13
What is the greatest common divisor of 14484 and 83141?
71
What is the highest common divisor of 895 and 4935955?
5
Calculate the greatest common divisor of 360 and 55686834.
18
What is the highest common factor of 540800 and 1139200?
3200
What is the greatest common divisor of 159 and 384501591?
159
Calculate the greatest common factor of 74931184 and 237.
79
What is the greatest common divisor of 1299924 and 1206?
18
Calculate the highest common divisor of 841221 and 63873.
1359
Calculate the greatest common factor of 5264 and 23973008.
752
What is the highest common factor of 296422 and 9517?
31
What is the greatest common divisor of 1250 and 14067875?
125
Calculate the greatest common factor of 4742 and 4228.
2
What is the greatest common factor of 20 and 39338620?
20
What is the highest common divisor of 4711 and 10850?
7
Calculate the greatest common factor of 1006 and 662816681.
503
What is the greatest common factor of 68307 and 746?
1
What is the greatest common factor of 56 and 5653948?
4
Calculate the highest common factor of 1456466 and 2390.
478
Calculate the greatest common factor of 5208952 and 224.
56
Calculate the highest common divisor of 2247524 and 1548.
172
Calculate the highest common factor of 40836075 and 21.
21
Calculate the highest common factor of 70 and 54027715.
35
Calculate the highest common factor of 2706372 and 1296.
324
What is the greatest common factor of 244843002 and 36?
18
Calculate the greatest common factor of 21380 and 2893783.
1069
Calculate the greatest common factor of 4891545 and 54315.
3195
What is the greatest common factor of 22344364 and 11186?
658
Calculate the greatest common divisor of 13156960 and 4480.
160
What is the highest common divisor of 12062 and 286880?
326
Calculate the highest common divisor of 747478 and 8534.
502
What is the highest common factor of 459348 and 2424?
1212
What is the greatest common divisor of 35 and 43782095?
35
What is the highest common divisor of 1764799453 and 23?
23
Calculate the highest common factor of 419501264 and 12432.
4144
What is the greatest common factor of 5281052 and 672?
28
Calculate the highest common divisor of 159745112 and 2152.
2152
Calculate the greatest common factor of 43865 and 2691110.
155
Calculate the greatest common divisor of 1365 and 130784745.
1365
Calculate the greatest common factor of 22712 and 1784626.
34
What is the greatest common divisor of 77655 and 30?
15
What is the greatest common divisor of 1221 and 484441?
37
Calculate the highest common factor of 64954877 and 49517.
3809
Calculate the highest common divisor of 26671584 and 48.
48
What is the highest common factor of 17438345 and 5?
5
Calculate the greatest common factor of 87 and 58467103.
29
Calculate the highest common divisor of 35 and 15893815.
35
What is the greatest common factor of 189552664 and 7?
7
What is the highest common divisor of 60 and 22611920?
20
What is the greatest common factor of 948 and 142814067?
237
Calculate the highest common divisor of 3406920 and 161480.
440
Calculate the highest common factor of 127380 and 27180.
60
What is the highest common factor of 43790 and 11020?
290
What is the greatest common factor of 99928 and 184?
8
What is the highest common factor of 567799 and 1046363?
661
What is the highest common factor of 10387 and 329732?
221
What is the highest common factor of 51222 and 17?
1
What is the greatest common factor of 16 and 35117878?
2
What is the highest common factor of 32 and 2063084?
4
Calculate the greatest common factor of 393 and 108430534.
131
What is the greatest common divisor of 10 and 109567415?
5
What is the highest common divisor of 1533 and 981777?
219
Calculate the highest common factor of 1921 and 1301690.
17
What is the greatest common divisor of 13377 and 78547?
343
What is the highest common factor of 1140610 and 13332160?
6830
Calculate the greatest common factor of 42 and 18086838.
42
What is the highest common divisor of 23371 and 941?
1
What is the greatest common factor of 4721420 and 4840?
2420
Calculate the highest common divisor of 17304 and 5052.
12
Calculate the greatest common divisor of 2827 and 417263.
11
What is the greatest common divisor of 102024 and 1461036?
1308
What is the highest common factor of 162559 and 10132?
149
What is the greatest common divisor of 20320 and 1459230?
1270
What is the greatest common divisor of 202980 and 79560?
1020
What is the highest common factor of 377 and 3742063?
13
Calculate the greatest common factor of 4107 and 115268431.
1369
Calculate the greatest common divisor of 118812 and 4560.
12
What is the greatest common factor of 1072065 and 22080?
15
Calculate the greatest common factor of 8008 and 23016994.
2002
Calculate the highest common factor of 2018698 and 4172498.
1958
What is the greatest common divisor of 18508 and 13